y(9)?
-17
Suppose 0 = 3*p - 2*k + 6, -p - 3*k + 9 = 3*p. Suppose -3*q - 19 + 10 = p. Let x(b) be the first derivative of b**3/3 + 5*b**2/2 - 3*b + 1. Give x(q).
-9
Let z(i) be the third derivative of 5*i**4/24 + 2*i**3 - 2596*i**2. What is z(-2)?
2
Let c(r) be the first derivative of r**4/4 - 7*r**3/3 - 3*r**2/2 - 6*r - 1286. Give c(6).
-60
Let a(g) = -87*g - 27 + 3901*g**2 + 99*g - 3900*g**2. What is a(2)?
1
Suppose -14*w = -3*w. Let n be (7 - 23)/(1 + (-3 - w)). Suppose -99*k = -97*k - n. Let f(r) = r**3 - 4*r**2 + 4*r - 5. Determine f(k).
11
Let l(a) = a**2 - a - 5. Let f = -134 - -134. Suppose -2*x - 3*y = -4, f*x + 4*x + y = 18. What is l(x)?
15
Let v be (530/(-12))/(-53)*((-12)/(-10))/2. Let o(t) be the third derivative of 1/20*t**5 + 0*t + 1/120*t**6 - 1/4*t**4 - 17*t**2 - v*t**3 + 0. Determine o(-4).
5
Let f(h) be the second derivative of h**4/12 - 2*h**3 - 63*h**2/2 + 2*h + 15. Give f(16).
1
Let v(b) = -9 + 25223876*b - 4 - 25223869*b. Calculate v(-9).
-76
Let u(h) = 3*h**2 - h - 2. Let m(z) = z + 15. Let d be m(-7). Suppose -4*b - d = -0. Let s = -4 - b. Determine u(s).
12
Let s = -102 - -133. Suppose -7*z + s = -25. Let w(m) = m**3 - 7*m**2 - 10*m + 16. Let t be w(z). Let y(g) = -g**2 - g - 3. Determine y(t).
-3
Let a(q) be the second derivative of -2*q**3/3 - 52*q**2 + 9738*q. What is a(-20)?
-24
Let s(d) = -d**2 - 9*d - 11. Let x = -6819 + 6809. Determine s(x).
-21
Let n(m) = -5*m - 2. Suppose 1377 = 5*j - 2*j - 3*a, -2*a + 1818 = 4*j. Let t = j - 454. Give n(t).
-12
Let a(i) = i**2 + 8*i - 13. Suppose 5*j + 48*b - 50*b = -56, 0 = -3*j - 5*b - 15. Give a(j).
7
Suppose -11 = -2*g + 7. Let q be (3 - 27/12)/(6/16). Let s(t) = 6*t**2 - 6*t**2 + t**q + 1 - 5*t - 5*t + 9. Calculate s(g).
1
Let c(r) = r**3 + 25*r**2 + 24*r + 8. Let o be (53/106)/((-26)/1256) - 2/(-13). Calculate c(o).
8
Let h(w) = -w**3 - 3 - 6799*w**2 - 1 + 5 + 6794*w**2. Give h(-4).
-15
Let d be (-60)/(-10) - (3 + 1). Suppose -26 = d*y - 14. Let t(r) = r + 4. Calculate t(y).
-2
Let f be 12 + 15/(-5)*1. Suppose -f + 6 = -y. Let z(j) = 0*j**y - j**3 + 9*j**2 - 1 - 2*j - 4*j**2. Determine z(2).
7
Suppose 5*y + 36 + 4 = 5*x, -3*x + 4 = 2*y. Let f(r) = r + 6. Let m(h) = h + 11. Let u(t) = -7*f(t) + 4*m(t). What is u(x)?
-10
Let v(w) = -w**2 + w + 1. Let n = -58 - -50. Let s be (-100)/n + ((-3)/6)/1. Let a(u) = u**2 - 12*u + 2. Let r be a(s). Calculate v(r).
-1
Let s be 1/(-11) + (-6)/(330/(-775)). Let l(h) = -6*h + 0*h + h - s*h**3 - h - h**2 + 8*h - 1. What is l(1)?
-14
Let f(h) = 5 + h + 0*h + 1. Let a be 12/(-42)*(-1365)/30. Give f(a).
19
Let k(d) = 4*d**3 - 17*d**2 + 6*d - 9. Let g be k(4). Let b be 5 + (-16)/8 + g. Let c(v) = -v**3 + 3*v**2 + v + 3. What is c(b)?
9
Let w(r) = -5*r**2 + 135*r - 898. Let f be w(15). Let s(a) = -5*a + 17. Give s(f).
7
Let d(m) = 2*m**3 + 5*m**2 - 2. Let j be (-11)/1 + (-5 + 3 - -9). What is d(j)?
-50
Let k(l) = -l**2 + 6*l - 1. Suppose 0 = 9*v + 44 - 1673. Let h = v + -175. What is k(h)?
-1
Let c(t) = 2*t**2 - 3*t - 16. Let o = -16965 + 16974. Give c(o).
119
Let k(o) = 62*o**2 + 4 - 29*o**2 + 9*o - 34*o**2. Determine k(10).
-6
Let z = -6585 + 6585. Let l(n) = -n**3 - 3*n**2 + 2*n - 14. What is l(z)?
-14
Let n = -396 - -640. Let v(h) = -120*h + n*h - 3 - 123*h. What is v(-4)?
-7
Let k(i) = -9*i - 3. Suppose 7*g - 393 = -155. Suppose -48 = 7*s - g. Determine k(s).
15
Let g(l) = -15*l + 6. Let v = 6033 - 6029. Calculate g(v).
-54
Suppose 0 = -3*b + 15, 3*o + 4*b - 32 + 3 = 0. Let j(p) = -2*p**2 - p**2 - p**2 + 10*p + o*p**2 - 13. Give j(9).
-4
Let q(h) = h**3 - 10*h**2 + 8*h + 8. Suppose 3*x + 12 = 0, -k - 2*x + 14 = 3*x. Let d = -9 + k. Let j = 34 - d. Calculate q(j).
-1
Let c(m) = 15 - 3*m - 19*m**2 - 20*m**2 + 44*m**2 - 16 - m**3. Let w(b) = b**3 - 2*b. Let q be w(2). Give c(q).
3
Let l(h) = 2*h**3 + 2*h**2 - 3*h - 3. Suppose a = 3*a - 3*a. Suppose a = 27*r - 24*r + 21. Let i(k) = k**2 + 9*k + 12. Let u be i(r). Determine l(u).
-5
Let p(x) = -7*x**2 - 14*x - 3. Let m(j) = j**2 + j + 2. Let w(a) = 5*m(a) + p(a). Let k(t) be the first derivative of w(t). What is k(-8)?
23
Let y = -134 + 135. Let i(g) = -10*g**2 + g + 4. Let d(q) = -9*q**2 + q + 3. Let x(f) = -6*d(f) + 5*i(f). Determine x(y).
5
Let s = 2 - 0. Let d(k) = -136*k**2 + k + 13. Let j(u) = -78*u**2 + u + 7. Let o(c) = 4*d(c) - 7*j(c). Calculate o(s).
5
Let o be ((-106)/10 - 1)/(11/55). Let k = o + 55. Let n be (k + 0)/((-1)/(-6)*6). Let m(v) = -v**3 - 3*v**2 - 4*v - 2. What is m(n)?
10
Suppose 5*d + 5 = -l, -84*l + 3*d = -83*l + 5. Let s(r) = -12*r**2 - 55*r + 17. Give s(l).
-8
Suppose 13*k + 315 = 20*k. Let b = k + -30. Let w(n) = n**3 - 16*n**2 + 15*n. Give w(b).
0
Let t = 944 + -941. Let g(z) = 2*z**2 - 6*z. Let y(j) = -j - 1. Let r(d) = -g(d) + 2*y(d). Calculate r(t).
-8
Let o(v) = v**3 - 42*v**2 + 23*v - 6. Let l(z) = 3*z**3 - 104*z**2 + 46*z - 12. Let b(j) = 2*l(j) - 5*o(j). Determine b(-6).
0
Let m(l) be the third derivative of -l**4/3 + 5*l**3/3 + 1740*l**2. Calculate m(2).
-6
Let b(k) = k**2 - k - 7. Let c = -13466 - -13464. Determine b(c).
-1
Let b(c) = 3*c**2 + 15*c - 48. Let t(s) = -s**2 - 5*s + 16. Let g(m) = -6*b(m) - 17*t(m). Suppose 95 = -18*y - 31. What is g(y)?
2
Let a(g) = -g**2 + 2*g + 6. Suppose -4*o - 2*b + 24 = 0, 0 = 7*o - 3*o + 5*b - 30. Suppose -o*y = -20*y. Give a(y).
6
Let n(l) = 3*l + 2. Let w(y) = 17*y + 22. Let m(k) = 6*n(k) - w(k). Give m(1).
-9
Let u(t) = -t**3 - 15*t**2 + 16*t + 2. Let w be u(-16). Let q(l) = -w + 3*l - 2 - 2*l - 4. Give q(6).
-2
Let i(v) = v**2 - 4*v + 3. Let u be 3/5*(-5)/(-2)*-2. Let j be (-26)/u*36/78. Determine i(j).
3
Let q be (44/6 - 7)*(-99)/(-1). Let p(l) = 25*l - q*l - 8*l. What is p(-2)?
32
Let g(a) = -4*a**2 + 79*a + 3*a**2 + 1 + 1 - 72*a. Let w = 0 - 0. Let r be -2*(15/(-6) - w). What is g(r)?
12
Let m(u) = -2. Let o(j) = j + 15. Let i = -297 + 273. Let r(d) = i*m(d) - 3*o(d). Determine r(4).
-9
Let o(f) = -13*f + 508. Let i be o(39). Let a(c) = -38*c + 28. Determine a(i).
-10
Let s(p) = -p**2 - 9*p + 5. Let k = -13311 + 13303. Give s(k).
13
Let y be 13/(-14 - -27)*-2. Let q(z) = 56*z + 7. Give q(y).
-105
Let n(x) = 33 + 46*x - 105*x - 3*x**3 + 6*x**2 + 49*x + 2*x**3. Determine n(5).
8
Let d(b) be the third derivative of -1/60*b**5 - 7/24*b**4 - 1/3*b**3 + 0*b - 21 - 2*b**2. Determine d(-5).
8
Let n(d) = d**3 + 7*d**2 + 6*d - 5. Let f = 78 + -56. Suppose -58*k = 11*k - 1104. Let h = k - f. Give n(h).
-5
Let c(g) = -2*g. Suppose 0 = y + 4*o + 38, -50 = y + 23*o - 25*o. Let j = 43 + y. What is c(j)?
6
Let m(n) be the third derivative of n**6/120 + 23*n**5/60 + n**4/8 + 16*n**3/3 - 924*n**2. Determine m(-23).
-37
Let f be -2*11/(-77) - (-38)/14. Suppose -3*z + 5*x = 40 - 15, 3*z - 10 = -2*x. Let q(i) = 6*i + 2 - 5*i + i + z. Give q(f).
8
Let d(w) be the first derivative of w**2 - 17*w + 752. Give d(-13).
-43
Let l(j) = -6*j - 52. Let m be l(-6). Let v = m + 19. Let u(i) = v*i + 8 - 4 + 3 - i. Determine u(-5).
-3
Let s be (-8)/(-8)*(2 - 0). Suppose -2*j + 20 = 4*h, h - 8 = -s*j - 0. Let g(b) = -6*b + j*b + 10*b + 2*b**2. Calculate g(-4).
8
Suppose -8*f + 615 = 367. Let z(j) = f*j + 12*j - 48*j. Give z(-1).
5
Suppose 84 = -6*w + 54. Let o(x) = x - x**2 + 3*x - 3*x**2 - x**3 + 7. Calculate o(w).
12
Let x be (-2)/10 - 108/10. Let j(m) be the first derivative of -m**3/3 - 5*m**2 + 12*m + 958. Determine j(x).
1
Let u(p) = -p**3 - 3*p**2 - p. Let i be u(-2). Let v(y) = -10*y**2 + 5*y - 52. Let t(b) = -8*b**2 + 4*b - 43. Let a(z) = -6*t(z) + 5*v(z). Determine a(i).
-12
Let h(z) = -4*z**2 + 12*z + 6. Let n(f) = 3*f**2 - 10*f - 6. Let y(r) = 4*h(r) + 5*n(r). Let b(a) be the first derivative of y(a). Give b(-5).
8
Let h(n) = -n**3 + 3*n**2 + 2*n - 2. Let j = 33 - 31. Suppose 0 = 8*i - j*i + 72. Let m = -8 - i. Determine h(m).
-10
Suppose -43*y + 81*y + 122*y = -160. Let k(l) = -15*l - 2. Give k(y).
13
Let f = 3 + 0. Let c(q) = -q**2 + 5*q + f*q**2 - q - 5. Suppose r = 5*r - 4*k, 0 = -3*k - 15. Determine c(r).
25
Let x(s) = -214*s - 4055. Let c be x(-19). Let l(o) = 2*o**3 - 21*o**2 + o - 13. Give l(c).
119
Let l = -2 - 2. Let y(k) be the first derivative of -k**2 - 3*k + 310. Calculate y(l).
5
Suppose -3*b + 12*x = 13*x - 17, -2*b + 5*x + 17 = 0. Let d(l) = -1 + 7*l + 0*l**2 - l**2 + 0 + 0*l**2. Calculate d(b).
5
Suppose 0 = 2